{"id":1044,"date":"2023-09-03T18:25:05","date_gmt":"2023-09-03T18:25:05","guid":{"rendered":"https:\/\/www.evaneduchalova.cz\/?page_id=1044"},"modified":"2025-11-30T18:50:57","modified_gmt":"2025-11-30T18:50:57","slug":"elementor-stranka-1044","status":"publish","type":"page","link":"https:\/\/www.evaneduchalova.cz\/index.php\/elementor-stranka-1044\/","title":{"rendered":"Mini tattoo"},"content":{"rendered":"\t\t<div data-elementor-type=\"wp-page\" data-elementor-id=\"1044\" class=\"elementor elementor-1044\" data-elementor-post-type=\"page\">\n\t\t\t\t\t\t<section class=\"elementor-section elementor-top-section elementor-element elementor-element-96e99ab elementor-section-boxed elementor-section-height-default elementor-section-height-default\" data-id=\"96e99ab\" data-element_type=\"section\" data-e-type=\"section\" data-settings=\"{&quot;background_background&quot;:&quot;gradient&quot;}\">\n\t\t\t\t\t\t<div class=\"elementor-container elementor-column-gap-no\">\n\t\t\t\t\t<div class=\"elementor-column elementor-col-100 elementor-top-column elementor-element elementor-element-4e53e07f\" data-id=\"4e53e07f\" data-element_type=\"column\" data-e-type=\"column\">\n\t\t\t<div class=\"elementor-widget-wrap elementor-element-populated\">\n\t\t\t\t\t\t<div class=\"elementor-element elementor-element-6831e6fd elementor-widget elementor-widget-heading\" data-id=\"6831e6fd\" data-element_type=\"widget\" data-e-type=\"widget\" data-widget_type=\"heading.default\">\n\t\t\t\t<div class=\"elementor-widget-container\">\n\t\t\t\t\t<h6 class=\"elementor-heading-title elementor-size-default\">p\u0159e\u010dt\u011bt\u011b si v\u00edce o<\/h6>\t\t\t\t<\/div>\n\t\t\t\t<\/div>\n\t\t\t\t<div class=\"elementor-element elementor-element-7add3a92 elementor-widget elementor-widget-heading\" data-id=\"7add3a92\" data-element_type=\"widget\" data-e-type=\"widget\" data-widget_type=\"heading.default\">\n\t\t\t\t<div class=\"elementor-widget-container\">\n\t\t\t\t\t<h1 class=\"elementor-heading-title elementor-size-default\">Depilace<\/h1>\t\t\t\t<\/div>\n\t\t\t\t<\/div>\n\t\t\t\t\t<\/div>\n\t\t<\/div>\n\t\t\t\t\t<\/div>\n\t\t<\/section>\n\t\t\t\t<section class=\"elementor-section elementor-top-section elementor-element elementor-element-688977eb elementor-section-boxed elementor-section-height-default elementor-section-height-default\" data-id=\"688977eb\" data-element_type=\"section\" data-e-type=\"section\" data-settings=\"{&quot;background_background&quot;:&quot;classic&quot;}\">\n\t\t\t\t\t\t<div class=\"elementor-container elementor-column-gap-no\">\n\t\t\t\t\t<div class=\"elementor-column elementor-col-100 elementor-top-column elementor-element elementor-element-120f1d3c\" data-id=\"120f1d3c\" data-element_type=\"column\" data-e-type=\"column\">\n\t\t\t<div class=\"elementor-widget-wrap elementor-element-populated\">\n\t\t\t\t\t\t<section class=\"elementor-section elementor-inner-section elementor-element elementor-element-5baafaf3 elementor-section-boxed elementor-section-height-default elementor-section-height-default\" data-id=\"5baafaf3\" data-element_type=\"section\" data-e-type=\"section\">\n\t\t\t\t\t\t<div class=\"elementor-container elementor-column-gap-no\">\n\t\t\t\t\t<div class=\"elementor-column elementor-col-33 elementor-inner-column elementor-element elementor-element-2707a43c\" data-id=\"2707a43c\" data-element_type=\"column\" data-e-type=\"column\">\n\t\t\t<div class=\"elementor-widget-wrap elementor-element-populated\">\n\t\t\t\t\t\t<div class=\"elementor-element elementor-element-512a5b3a elementor-widget elementor-widget-heading\" data-id=\"512a5b3a\" data-element_type=\"widget\" data-e-type=\"widget\" data-widget_type=\"heading.default\">\n\t\t\t\t<div class=\"elementor-widget-container\">\n\t\t\t\t\t<h6 class=\"elementor-heading-title elementor-size-default\">Mini tattoo<\/h6>\t\t\t\t<\/div>\n\t\t\t\t<\/div>\n\t\t\t\t<div class=\"elementor-element elementor-element-2f10cfca elementor-widget elementor-widget-heading\" data-id=\"2f10cfca\" data-element_type=\"widget\" data-e-type=\"widget\" data-widget_type=\"heading.default\">\n\t\t\t\t<div class=\"elementor-widget-container\">\n\t\t\t\t\t<h2 class=\"elementor-heading-title elementor-size-default\">Str\u00e1nku p\u0159ipravuji<\/h2>\t\t\t\t<\/div>\n\t\t\t\t<\/div>\n\t\t\t\t<div class=\"elementor-element elementor-element-1fbc3850 elementor-widget-divider--view-line elementor-widget elementor-widget-divider\" data-id=\"1fbc3850\" data-element_type=\"widget\" data-e-type=\"widget\" data-widget_type=\"divider.default\">\n\t\t\t\t<div class=\"elementor-widget-container\">\n\t\t\t\t\t\t\t<div class=\"elementor-divider\">\n\t\t\t<span class=\"elementor-divider-separator\">\n\t\t\t\t\t\t<\/span>\n\t\t<\/div>\n\t\t\t\t\t\t<\/div>\n\t\t\t\t<\/div>\n\t\t\t\t\t<\/div>\n\t\t<\/div>\n\t\t\t\t<div class=\"elementor-column elementor-col-33 elementor-inner-column elementor-element elementor-element-14df5056\" data-id=\"14df5056\" data-element_type=\"column\" data-e-type=\"column\">\n\t\t\t<div class=\"elementor-widget-wrap elementor-element-populated\">\n\t\t\t\t\t\t\t<\/div>\n\t\t<\/div>\n\t\t\t\t<div class=\"elementor-column elementor-col-33 elementor-inner-column elementor-element elementor-element-1ac48c14\" data-id=\"1ac48c14\" data-element_type=\"column\" data-e-type=\"column\">\n\t\t\t<div class=\"elementor-widget-wrap elementor-element-populated\">\n\t\t\t\t\t\t<div class=\"elementor-element elementor-element-7a84822e elementor-widget-divider--view-line elementor-widget elementor-widget-divider\" data-id=\"7a84822e\" data-element_type=\"widget\" data-e-type=\"widget\" data-widget_type=\"divider.default\">\n\t\t\t\t<div class=\"elementor-widget-container\">\n\t\t\t\t\t\t\t<div class=\"elementor-divider\">\n\t\t\t<span class=\"elementor-divider-separator\">\n\t\t\t\t\t\t<\/span>\n\t\t<\/div>\n\t\t\t\t\t\t<\/div>\n\t\t\t\t<\/div>\n\t\t\t\t<div class=\"elementor-element elementor-element-61cdc996 elementor-widget elementor-widget-text-editor\" data-id=\"61cdc996\" data-element_type=\"widget\" data-e-type=\"widget\" data-widget_type=\"text-editor.default\">\n\t\t\t\t<div class=\"elementor-widget-container\">\n\t\t\t\t\t\t\t\t\t<p>ffffff<\/p>\t\t\t\t\t\t\t\t<\/div>\n\t\t\t\t<\/div>\n\t\t\t\t\t<\/div>\n\t\t<\/div>\n\t\t\t\t\t<\/div>\n\t\t<\/section>\n\t\t\t\t\t<\/div>\n\t\t<\/div>\n\t\t\t\t\t<\/div>\n\t\t<\/section>\n\t\t<div class=\"elementor-element elementor-element-b90c2c4 e-flex e-con-boxed e-con e-parent\" data-id=\"b90c2c4\" data-element_type=\"container\" data-e-type=\"container\">\n\t\t\t\t\t<div class=\"e-con-inner\">\n\t\t\t\t\t<\/div>\n\t\t\t\t<\/div>\n\t\t\t\t<\/div>\n\t\t","protected":false},"excerpt":{"rendered":"<p>p\u0159e\u010dt\u011bt\u011b si v\u00edce o Depilace Mini tattoo Str\u00e1nku p\u0159ipravuji ffffff<\/p>\n","protected":false},"author":1,"featured_media":0,"parent":0,"menu_order":0,"comment_status":"closed","ping_status":"closed","template":"","meta":{"om_disable_all_campaigns":false,"_uag_custom_page_level_css":"","_monsterinsights_skip_tracking":false,"_monsterinsights_sitenote_active":false,"_monsterinsights_sitenote_note":"","_monsterinsights_sitenote_category":0,"site-sidebar-layout":"no-sidebar","site-content-layout":"page-builder","ast-site-content-layout":"full-width-container","site-content-style":"unboxed","site-sidebar-style":"unboxed","ast-global-header-display":"","ast-banner-title-visibility":"","ast-main-header-display":"","ast-hfb-above-header-display":"","ast-hfb-below-header-display":"","ast-hfb-mobile-header-display":"","site-post-title":"disabled","ast-breadcrumbs-content":"","ast-featured-img":"disabled","footer-sml-layout":"","theme-transparent-header-meta":"default","adv-header-id-meta":"","stick-header-meta":"","header-above-stick-meta":"","header-main-stick-meta":"","header-below-stick-meta":"","astra-migrate-meta-layouts":"set","ast-page-background-enabled":"default","ast-page-background-meta":{"desktop":{"background-color":"var(--ast-global-color-4)","background-image":"","background-repeat":"repeat","background-position":"center center","background-size":"auto","background-attachment":"scroll","background-type":"","background-media":"","overlay-type":"","overlay-color":"","overlay-gradient":""},"tablet":{"background-color":"","background-image":"","background-repeat":"repeat","background-position":"center center","background-size":"auto","background-attachment":"scroll","background-type":"","background-media":"","overlay-type":"","overlay-color":"","overlay-gradient":""},"mobile":{"background-color":"","background-image":"","background-repeat":"repeat","background-position":"center center","background-size":"auto","background-attachment":"scroll","background-type":"","background-media":"","overlay-type":"","overlay-color":"","overlay-gradient":""}},"ast-content-background-meta":{"desktop":{"background-color":"var(--ast-global-color-5)","background-image":"","background-repeat":"repeat","background-position":"center center","background-size":"auto","background-attachment":"scroll","background-type":"","background-media":"","overlay-type":"","overlay-color":"","overlay-gradient":""},"tablet":{"background-color":"var(--ast-global-color-5)","background-image":"","background-repeat":"repeat","background-position":"center center","background-size":"auto","background-attachment":"scroll","background-type":"","background-media":"","overlay-type":"","overlay-color":"","overlay-gradient":""},"mobile":{"background-color":"var(--ast-global-color-5)","background-image":"","background-repeat":"repeat","background-position":"center center","background-size":"auto","background-attachment":"scroll","background-type":"","background-media":"","overlay-type":"","overlay-color":"","overlay-gradient":""}},"footnotes":""},"class_list":["post-1044","page","type-page","status-publish","hentry"],"aioseo_notices":[],"yoast_head":"<!-- This site is optimized with the Yoast SEO plugin v27.5 - https:\/\/yoast.com\/product\/yoast-seo-wordpress\/ -->\n<title>Mini tattoo - Kosmetick\u00e9 studio<\/title>\n<meta name=\"robots\" content=\"index, follow, max-snippet:-1, max-image-preview:large, max-video-preview:-1\" \/>\n<link rel=\"canonical\" href=\"https:\/\/www.evaneduchalova.cz\/index.php\/elementor-stranka-1044\/\" \/>\n<meta property=\"og:locale\" content=\"cs_CZ\" \/>\n<meta property=\"og:type\" content=\"article\" \/>\n<meta property=\"og:title\" content=\"Mini tattoo - Kosmetick\u00e9 studio\" \/>\n<meta property=\"og:description\" content=\"p\u0159e\u010dt\u011bt\u011b si v\u00edce o Depilace Mini tattoo Str\u00e1nku p\u0159ipravuji ffffff\" \/>\n<meta property=\"og:url\" content=\"https:\/\/www.evaneduchalova.cz\/index.php\/elementor-stranka-1044\/\" \/>\n<meta property=\"og:site_name\" content=\"Kosmetick\u00e9 studio\" \/>\n<meta property=\"article:modified_time\" content=\"2025-11-30T18:50:57+00:00\" \/>\n<meta name=\"twitter:card\" content=\"summary_large_image\" \/>\n<meta name=\"twitter:label1\" content=\"Odhadovan\u00e1 doba \u010dten\u00ed\" \/>\n\t<meta name=\"twitter:data1\" content=\"3 minuty\" \/>\n<script type=\"application\/ld+json\" class=\"yoast-schema-graph\">{\"@context\":\"https:\\\/\\\/schema.org\",\"@graph\":[{\"@type\":\"WebPage\",\"@id\":\"https:\\\/\\\/www.evaneduchalova.cz\\\/index.php\\\/elementor-stranka-1044\\\/\",\"url\":\"https:\\\/\\\/www.evaneduchalova.cz\\\/index.php\\\/elementor-stranka-1044\\\/\",\"name\":\"Mini tattoo - Kosmetick\u00e9 studio\",\"isPartOf\":{\"@id\":\"https:\\\/\\\/www.evaneduchalova.cz\\\/#website\"},\"datePublished\":\"2023-09-03T18:25:05+00:00\",\"dateModified\":\"2025-11-30T18:50:57+00:00\",\"breadcrumb\":{\"@id\":\"https:\\\/\\\/www.evaneduchalova.cz\\\/index.php\\\/elementor-stranka-1044\\\/#breadcrumb\"},\"inLanguage\":\"cs\",\"potentialAction\":[{\"@type\":\"ReadAction\",\"target\":[\"https:\\\/\\\/www.evaneduchalova.cz\\\/index.php\\\/elementor-stranka-1044\\\/\"]}]},{\"@type\":\"BreadcrumbList\",\"@id\":\"https:\\\/\\\/www.evaneduchalova.cz\\\/index.php\\\/elementor-stranka-1044\\\/#breadcrumb\",\"itemListElement\":[{\"@type\":\"ListItem\",\"position\":1,\"name\":\"Dom\u016f\",\"item\":\"https:\\\/\\\/www.evaneduchalova.cz\\\/\"},{\"@type\":\"ListItem\",\"position\":2,\"name\":\"Mini tattoo\"}]},{\"@type\":\"WebSite\",\"@id\":\"https:\\\/\\\/www.evaneduchalova.cz\\\/#website\",\"url\":\"https:\\\/\\\/www.evaneduchalova.cz\\\/\",\"name\":\"Kosmetick\u00e9 studio\",\"description\":\"Kosmetick\u00e9 studio\",\"publisher\":{\"@id\":\"https:\\\/\\\/www.evaneduchalova.cz\\\/#\\\/schema\\\/person\\\/2deee74a3e8b664bcb32ae47f56490be\"},\"potentialAction\":[{\"@type\":\"SearchAction\",\"target\":{\"@type\":\"EntryPoint\",\"urlTemplate\":\"https:\\\/\\\/www.evaneduchalova.cz\\\/?s={search_term_string}\"},\"query-input\":{\"@type\":\"PropertyValueSpecification\",\"valueRequired\":true,\"valueName\":\"search_term_string\"}}],\"inLanguage\":\"cs\"},{\"@type\":[\"Person\",\"Organization\"],\"@id\":\"https:\\\/\\\/www.evaneduchalova.cz\\\/#\\\/schema\\\/person\\\/2deee74a3e8b664bcb32ae47f56490be\",\"name\":\"evaneducha\",\"image\":{\"@type\":\"ImageObject\",\"inLanguage\":\"cs\",\"@id\":\"https:\\\/\\\/www.evaneduchalova.cz\\\/wp-content\\\/uploads\\\/2022\\\/10\\\/04509B79-EE2B-46F9-BACE-8DBEE42D7FF7-scaled.jpeg\",\"url\":\"https:\\\/\\\/www.evaneduchalova.cz\\\/wp-content\\\/uploads\\\/2022\\\/10\\\/04509B79-EE2B-46F9-BACE-8DBEE42D7FF7-scaled.jpeg\",\"contentUrl\":\"https:\\\/\\\/www.evaneduchalova.cz\\\/wp-content\\\/uploads\\\/2022\\\/10\\\/04509B79-EE2B-46F9-BACE-8DBEE42D7FF7-scaled.jpeg\",\"width\":2560,\"height\":1071,\"caption\":\"evaneducha\"},\"logo\":{\"@id\":\"https:\\\/\\\/www.evaneduchalova.cz\\\/wp-content\\\/uploads\\\/2022\\\/10\\\/04509B79-EE2B-46F9-BACE-8DBEE42D7FF7-scaled.jpeg\"},\"sameAs\":[\"http:\\\/\\\/localhost\\\/wordpress\"]}]}<\/script>\n<!-- \/ Yoast SEO plugin. -->","yoast_head_json":{"title":"Mini tattoo - Kosmetick\u00e9 studio","robots":{"index":"index","follow":"follow","max-snippet":"max-snippet:-1","max-image-preview":"max-image-preview:large","max-video-preview":"max-video-preview:-1"},"canonical":"https:\/\/www.evaneduchalova.cz\/index.php\/elementor-stranka-1044\/","og_locale":"cs_CZ","og_type":"article","og_title":"Mini tattoo - Kosmetick\u00e9 studio","og_description":"p\u0159e\u010dt\u011bt\u011b si v\u00edce o Depilace Mini tattoo Str\u00e1nku p\u0159ipravuji ffffff","og_url":"https:\/\/www.evaneduchalova.cz\/index.php\/elementor-stranka-1044\/","og_site_name":"Kosmetick\u00e9 studio","article_modified_time":"2025-11-30T18:50:57+00:00","twitter_card":"summary_large_image","twitter_misc":{"Odhadovan\u00e1 doba \u010dten\u00ed":"3 minuty"},"schema":{"@context":"https:\/\/schema.org","@graph":[{"@type":"WebPage","@id":"https:\/\/www.evaneduchalova.cz\/index.php\/elementor-stranka-1044\/","url":"https:\/\/www.evaneduchalova.cz\/index.php\/elementor-stranka-1044\/","name":"Mini tattoo - Kosmetick\u00e9 studio","isPartOf":{"@id":"https:\/\/www.evaneduchalova.cz\/#website"},"datePublished":"2023-09-03T18:25:05+00:00","dateModified":"2025-11-30T18:50:57+00:00","breadcrumb":{"@id":"https:\/\/www.evaneduchalova.cz\/index.php\/elementor-stranka-1044\/#breadcrumb"},"inLanguage":"cs","potentialAction":[{"@type":"ReadAction","target":["https:\/\/www.evaneduchalova.cz\/index.php\/elementor-stranka-1044\/"]}]},{"@type":"BreadcrumbList","@id":"https:\/\/www.evaneduchalova.cz\/index.php\/elementor-stranka-1044\/#breadcrumb","itemListElement":[{"@type":"ListItem","position":1,"name":"Dom\u016f","item":"https:\/\/www.evaneduchalova.cz\/"},{"@type":"ListItem","position":2,"name":"Mini tattoo"}]},{"@type":"WebSite","@id":"https:\/\/www.evaneduchalova.cz\/#website","url":"https:\/\/www.evaneduchalova.cz\/","name":"Kosmetick\u00e9 studio","description":"Kosmetick\u00e9 studio","publisher":{"@id":"https:\/\/www.evaneduchalova.cz\/#\/schema\/person\/2deee74a3e8b664bcb32ae47f56490be"},"potentialAction":[{"@type":"SearchAction","target":{"@type":"EntryPoint","urlTemplate":"https:\/\/www.evaneduchalova.cz\/?s={search_term_string}"},"query-input":{"@type":"PropertyValueSpecification","valueRequired":true,"valueName":"search_term_string"}}],"inLanguage":"cs"},{"@type":["Person","Organization"],"@id":"https:\/\/www.evaneduchalova.cz\/#\/schema\/person\/2deee74a3e8b664bcb32ae47f56490be","name":"evaneducha","image":{"@type":"ImageObject","inLanguage":"cs","@id":"https:\/\/www.evaneduchalova.cz\/wp-content\/uploads\/2022\/10\/04509B79-EE2B-46F9-BACE-8DBEE42D7FF7-scaled.jpeg","url":"https:\/\/www.evaneduchalova.cz\/wp-content\/uploads\/2022\/10\/04509B79-EE2B-46F9-BACE-8DBEE42D7FF7-scaled.jpeg","contentUrl":"https:\/\/www.evaneduchalova.cz\/wp-content\/uploads\/2022\/10\/04509B79-EE2B-46F9-BACE-8DBEE42D7FF7-scaled.jpeg","width":2560,"height":1071,"caption":"evaneducha"},"logo":{"@id":"https:\/\/www.evaneduchalova.cz\/wp-content\/uploads\/2022\/10\/04509B79-EE2B-46F9-BACE-8DBEE42D7FF7-scaled.jpeg"},"sameAs":["http:\/\/localhost\/wordpress"]}]}},"uagb_featured_image_src":{"full":false,"thumbnail":false,"medium":false,"medium_large":false,"large":false,"1536x1536":false,"2048x2048":false},"uagb_author_info":{"display_name":"evaneducha","author_link":"https:\/\/www.evaneduchalova.cz\/index.php\/author\/evaneducha\/"},"uagb_comment_info":0,"uagb_excerpt":"p\u0159e\u010dt\u011bt\u011b si v\u00edce o Depilace Mini tattoo Str\u00e1nku p\u0159ipravuji ffffff","_links":{"self":[{"href":"https:\/\/www.evaneduchalova.cz\/index.php\/wp-json\/wp\/v2\/pages\/1044","targetHints":{"allow":["GET"]}}],"collection":[{"href":"https:\/\/www.evaneduchalova.cz\/index.php\/wp-json\/wp\/v2\/pages"}],"about":[{"href":"https:\/\/www.evaneduchalova.cz\/index.php\/wp-json\/wp\/v2\/types\/page"}],"author":[{"embeddable":true,"href":"https:\/\/www.evaneduchalova.cz\/index.php\/wp-json\/wp\/v2\/users\/1"}],"replies":[{"embeddable":true,"href":"https:\/\/www.evaneduchalova.cz\/index.php\/wp-json\/wp\/v2\/comments?post=1044"}],"version-history":[{"count":11,"href":"https:\/\/www.evaneduchalova.cz\/index.php\/wp-json\/wp\/v2\/pages\/1044\/revisions"}],"predecessor-version":[{"id":2939,"href":"https:\/\/www.evaneduchalova.cz\/index.php\/wp-json\/wp\/v2\/pages\/1044\/revisions\/2939"}],"wp:attachment":[{"href":"https:\/\/www.evaneduchalova.cz\/index.php\/wp-json\/wp\/v2\/media?parent=1044"}],"curies":[{"name":"wp","href":"https:\/\/api.w.org\/{rel}","templated":true}]}}